{"id":13,"date":"2019-06-03T20:27:12","date_gmt":"2019-06-03T18:27:12","guid":{"rendered":"http:\/\/100-meterskogenbhg.no\/?page_id=13"},"modified":"2025-08-29T13:57:20","modified_gmt":"2025-08-29T11:57:20","slug":"ansatte-barnehagearet-2018-2019","status":"publish","type":"page","link":"https:\/\/100-meterskogenbhg.no\/?page_id=13","title":{"rendered":"Ansatte barnehage\u00e5ret 2025-2026"},"content":{"rendered":"\n<p><strong>I 100-meterskogen barnehage har vi dyktige ansatte som har lang erfaring fra barnehage og annet arbeid med barn. Hos oss har vi pedagogiske ledere, f\u00f8rskolel\u00e6rere, barnehagel\u00e6rere, barne- og ungdomsarbeider\/barnepleier og  ansatte med annen spennende arbeidserfaring.<\/strong><\/p>\n\n\n\n<p>Vi legger stor vekt p\u00e5 faglig kompetanse slik at vi kan gi ditt barn et s\u00e5 godt pedagogisk tilbud som mulig. Vi bruker derfor mye ressurser p\u00e5 kurs, videreutdannelse, oppl\u00e6ring og veiledning av personalgruppen.<\/p>\n\n\n\n<h3 class=\"wp-block-heading\">Administrasjon:<\/h3>\n\n\n<div class=\"wp-block-image\">\n<figure class=\"aligncenter is-resized\"><img decoding=\"async\" loading=\"lazy\" width=\"755\" height=\"1024\" src=\"http:\/\/100-meterskogenbhg.no\/wp-content\/uploads\/2019\/07\/DSC_0132-755x1024.jpg\" alt=\"\" class=\"wp-image-252\" style=\"width:125px;height:169px\" srcset=\"https:\/\/100-meterskogenbhg.no\/wp-content\/uploads\/2019\/07\/DSC_0132-755x1024.jpg 755w, https:\/\/100-meterskogenbhg.no\/wp-content\/uploads\/2019\/07\/DSC_0132-221x300.jpg 221w, https:\/\/100-meterskogenbhg.no\/wp-content\/uploads\/2019\/07\/DSC_0132-768x1041.jpg 768w\" sizes=\"(max-width: 755px) 100vw, 755px\" \/><figcaption class=\"wp-element-caption\">Ingvild Hansen<br>Eier og Daglig leder<br>F\u00f8rskolel\u00e6rer<\/figcaption><\/figure><\/div>\n\n\n<h4 class=\"wp-block-heading has-text-align-center\">De ansatte hos oss:<\/h4>\n\n\n\n<div class=\"wp-block-columns is-layout-flex wp-container-8 wp-block-columns-is-layout-flex\">\n<div class=\"wp-block-column is-layout-flow wp-block-column-is-layout-flow\" style=\"flex-basis:100%\">\n<div class=\"wp-block-columns is-layout-flex wp-container-2 wp-block-columns-is-layout-flex\">\n<div class=\"wp-block-column is-layout-flow wp-block-column-is-layout-flow\"><\/div>\n<\/div>\n\n\n\n<div class=\"wp-block-group is-layout-flow wp-block-group-is-layout-flow\"><div class=\"wp-block-group__inner-container\">\n<div class=\"wp-block-columns is-layout-flex wp-container-4 wp-block-columns-is-layout-flex\">\n<div class=\"wp-block-column is-layout-flow wp-block-column-is-layout-flow\"><\/div>\n<\/div>\n\n\n\n<div class=\"wp-block-group is-layout-constrained wp-block-group-is-layout-constrained\"><div class=\"wp-block-group__inner-container\">\n<figure class=\"wp-block-table is-style-regular\"><table class=\"has-fixed-layout\"><tbody><tr><td><img decoding=\"async\" loading=\"lazy\" width=\"1144\" height=\"1832\" class=\"wp-image-840\" style=\"width: 150px;\" src=\"http:\/\/100-meterskogenbhg.no\/wp-content\/uploads\/2023\/08\/Nina.jpg\" alt=\"\" srcset=\"https:\/\/100-meterskogenbhg.no\/wp-content\/uploads\/2023\/08\/Nina.jpg 1144w, https:\/\/100-meterskogenbhg.no\/wp-content\/uploads\/2023\/08\/Nina-187x300.jpg 187w, https:\/\/100-meterskogenbhg.no\/wp-content\/uploads\/2023\/08\/Nina-639x1024.jpg 639w, https:\/\/100-meterskogenbhg.no\/wp-content\/uploads\/2023\/08\/Nina-768x1230.jpg 768w, https:\/\/100-meterskogenbhg.no\/wp-content\/uploads\/2023\/08\/Nina-959x1536.jpg 959w\" sizes=\"(max-width: 1144px) 100vw, 1144px\" \/><br>Nina L.<br>Pedagogisk leder\/ barnehagel\u00e6rer.<br>Fagl\u00e6rer innen hest<br>Fordypning i ledelse<\/td><td><img decoding=\"async\" style=\"width: 150px;\" src=\"http:\/\/100-meterskogenbhg.no\/wp-content\/uploads\/2019\/07\/DSC_0118.jpg\" alt=\"\"><br>Janne<br>Pedagogisk leder\/f\u00f8rskolel\u00e6rer.<br>Fordypning i musikk<br><\/td><\/tr><tr><td><img decoding=\"async\" loading=\"lazy\" width=\"1536\" height=\"2048\" class=\"wp-image-953\" style=\"width: 150px;\" src=\"http:\/\/100-meterskogenbhg.no\/wp-content\/uploads\/2025\/08\/Ole-Hermann.jpg\" alt=\"\" srcset=\"https:\/\/100-meterskogenbhg.no\/wp-content\/uploads\/2025\/08\/Ole-Hermann.jpg 1536w, https:\/\/100-meterskogenbhg.no\/wp-content\/uploads\/2025\/08\/Ole-Hermann-225x300.jpg 225w, https:\/\/100-meterskogenbhg.no\/wp-content\/uploads\/2025\/08\/Ole-Hermann-768x1024.jpg 768w, https:\/\/100-meterskogenbhg.no\/wp-content\/uploads\/2025\/08\/Ole-Hermann-1152x1536.jpg 1152w\" sizes=\"(max-width: 1536px) 100vw, 1536px\" \/><br>Ole-Hermann<br>Barnehagel\u00e6rer.<br><\/td><td><img decoding=\"async\" style=\"width: 150px;\" src=\"http:\/\/100-meterskogenbhg.no\/wp-content\/uploads\/2022\/10\/Tuva.jpg\" alt=\"\"><br>Tuva<br>Pedagogisk leder\/ barnehagel\u00e6rer.<br>Fordypning i sm\u00e5barnspedagogikk<br><\/td><\/tr><tr><td><img decoding=\"async\" style=\"width: 150px;\" src=\"http:\/\/100-meterskogenbhg.no\/wp-content\/uploads\/2019\/06\/tussiogob.jpg\"><br>Christoffer<\/td><td><img decoding=\"async\" style=\"width: 150px;\" src=\"http:\/\/100-meterskogenbhg.no\/wp-content\/uploads\/2019\/07\/DSC_0080.jpg\" alt=\"\"><br>Nina T-R.<br>Barnepleier.<br><\/td><\/tr><tr><td><img decoding=\"async\" style=\"width: 150px;\" src=\"http:\/\/100-meterskogenbhg.no\/wp-content\/uploads\/2022\/10\/kristina-scaled-e1666945122803.jpg\" alt=\"\"><br>Kristina<br>Assistent.<br>\u00c5rsstudium i pedagogikk<br>\u00c5rsstudium i idrett<br><\/td><td><img decoding=\"async\" style=\"width: 150px;\" src=\"http:\/\/100-meterskogenbhg.no\/wp-content\/uploads\/2019\/07\/DSC_0072.jpg\" alt=\"\"><br><em>Carina<\/em><br>Assistent.<br><em>Ansvarlig for kj\u00f8kken <\/em><br><\/td><\/tr><tr><td><img decoding=\"async\" loading=\"lazy\" width=\"1536\" height=\"2048\" class=\"wp-image-731\" style=\"width: 150px;\" src=\"http:\/\/100-meterskogenbhg.no\/wp-content\/uploads\/2022\/10\/Najia.jpg\" alt=\"\" srcset=\"https:\/\/100-meterskogenbhg.no\/wp-content\/uploads\/2022\/10\/Najia.jpg 1536w, https:\/\/100-meterskogenbhg.no\/wp-content\/uploads\/2022\/10\/Najia-225x300.jpg 225w, https:\/\/100-meterskogenbhg.no\/wp-content\/uploads\/2022\/10\/Najia-768x1024.jpg 768w, https:\/\/100-meterskogenbhg.no\/wp-content\/uploads\/2022\/10\/Najia-1152x1536.jpg 1152w\" sizes=\"(max-width: 1536px) 100vw, 1536px\" \/><br>Najia<br>Assistent.<br>Under barne- og ungdomsarbeider utdanning.<\/td><td><img decoding=\"async\" loading=\"lazy\" width=\"577\" height=\"1024\" class=\"wp-image-945\" style=\"width: 150px;\" src=\"http:\/\/100-meterskogenbhg.no\/wp-content\/uploads\/2025\/08\/Kristine.jpg\" alt=\"\" srcset=\"https:\/\/100-meterskogenbhg.no\/wp-content\/uploads\/2025\/08\/Kristine.jpg 577w, https:\/\/100-meterskogenbhg.no\/wp-content\/uploads\/2025\/08\/Kristine-169x300.jpg 169w\" sizes=\"(max-width: 577px) 100vw, 577px\" \/><br>Kristine<br>Assistent.<br><\/td><\/tr><tr><td><img decoding=\"async\" loading=\"lazy\" width=\"1536\" height=\"2048\" class=\"wp-image-943\" style=\"width: 150px;\" src=\"http:\/\/100-meterskogenbhg.no\/wp-content\/uploads\/2025\/08\/Eirik-bilde.jpg\" alt=\"\" srcset=\"https:\/\/100-meterskogenbhg.no\/wp-content\/uploads\/2025\/08\/Eirik-bilde.jpg 1536w, https:\/\/100-meterskogenbhg.no\/wp-content\/uploads\/2025\/08\/Eirik-bilde-225x300.jpg 225w, https:\/\/100-meterskogenbhg.no\/wp-content\/uploads\/2025\/08\/Eirik-bilde-768x1024.jpg 768w, https:\/\/100-meterskogenbhg.no\/wp-content\/uploads\/2025\/08\/Eirik-bilde-1152x1536.jpg 1152w\" sizes=\"(max-width: 1536px) 100vw, 1536px\" \/><br>Eirik<br>Assistent.<\/td><td><img decoding=\"async\" style=\"width: 150px;\" src=\"http:\/\/100-meterskogenbhg.no\/wp-content\/uploads\/2019\/06\/tussiogob.jpg\"><br>Kinga<br>Assistent.<br>Barnehagel\u00e6rer\/spes.ped.<\/td><\/tr><tr><td><img decoding=\"async\" loading=\"lazy\" width=\"1536\" height=\"2048\" class=\"wp-image-942\" style=\"width: 150px;\" src=\"http:\/\/100-meterskogenbhg.no\/wp-content\/uploads\/2025\/08\/Elvira.jpg\" alt=\"\" srcset=\"https:\/\/100-meterskogenbhg.no\/wp-content\/uploads\/2025\/08\/Elvira.jpg 1536w, https:\/\/100-meterskogenbhg.no\/wp-content\/uploads\/2025\/08\/Elvira-225x300.jpg 225w, https:\/\/100-meterskogenbhg.no\/wp-content\/uploads\/2025\/08\/Elvira-768x1024.jpg 768w, https:\/\/100-meterskogenbhg.no\/wp-content\/uploads\/2025\/08\/Elvira-1152x1536.jpg 1152w\" sizes=\"(max-width: 1536px) 100vw, 1536px\" \/><br>Elvira <br>Assistent.<\/td><td><img decoding=\"async\" loading=\"lazy\" width=\"995\" height=\"1319\" class=\"wp-image-941\" style=\"width: 150px;\" src=\"http:\/\/100-meterskogenbhg.no\/wp-content\/uploads\/2025\/08\/Charmel.jpg\" alt=\"\" srcset=\"https:\/\/100-meterskogenbhg.no\/wp-content\/uploads\/2025\/08\/Charmel.jpg 995w, https:\/\/100-meterskogenbhg.no\/wp-content\/uploads\/2025\/08\/Charmel-226x300.jpg 226w, https:\/\/100-meterskogenbhg.no\/wp-content\/uploads\/2025\/08\/Charmel-772x1024.jpg 772w, https:\/\/100-meterskogenbhg.no\/wp-content\/uploads\/2025\/08\/Charmel-768x1018.jpg 768w\" sizes=\"(max-width: 995px) 100vw, 995px\" \/><br>Charmelle<br>Assistent.<br><\/td><\/tr><tr><td><img decoding=\"async\" loading=\"lazy\" width=\"225\" height=\"225\" class=\"wp-image-199\" style=\"width: 150px;\" src=\"http:\/\/100-meterskogenbhg.no\/wp-content\/uploads\/2019\/06\/tussiob.jpg\" alt=\"\" srcset=\"https:\/\/100-meterskogenbhg.no\/wp-content\/uploads\/2019\/06\/tussiob.jpg 225w, https:\/\/100-meterskogenbhg.no\/wp-content\/uploads\/2019\/06\/tussiob-150x150.jpg 150w\" sizes=\"(max-width: 225px) 100vw, 225px\" \/><br>Tone<br>Assistent\/vikar<br><\/td><td><br><\/td><\/tr><tr><td><\/td><td><br><\/td><\/tr><\/tbody><\/table><\/figure>\n\n\n\n<p><\/p>\n<\/div><\/div>\n<\/div><\/div>\n\n\n\n<p><\/p>\n<\/div>\n<\/div>\n\n\n\n<h3 class=\"wp-block-heading\"><br> Vikarer:<\/h3>\n\n\n\n<div class=\"wp-block-columns is-layout-flex wp-container-11 wp-block-columns-is-layout-flex\">\n<div class=\"wp-block-column is-layout-flow wp-block-column-is-layout-flow\" style=\"flex-basis:100%\">\n<div class=\"wp-block-group is-layout-flow wp-block-group-is-layout-flow\"><div class=\"wp-block-group__inner-container\">\n<figure class=\"wp-block-table\"><table><tbody><tr><td><br><br><img decoding=\"async\" style=\"width: 150px;\" src=\"http:\/\/100-meterskogenbhg.no\/wp-content\/uploads\/2019\/06\/tussiogob.jpg\"><br>Tone<br>Tilkallingsvikar\/assistent<\/td><td><br><img decoding=\"async\" style=\"width: 150px;\" src=\"http:\/\/100-meterskogenbhg.no\/wp-content\/uploads\/2019\/06\/tussiogob.jpg\"><br>Ida<br>Vikar<\/td><\/tr><tr><td><img decoding=\"async\" style=\"width: 150px;\" src=\"http:\/\/100-meterskogenbhg.no\/wp-content\/uploads\/2019\/06\/tussiogob.jpg\"><br>Vilde<br>Lekeressurs noen timer i uka.<\/td><td><img decoding=\"async\" loading=\"lazy\" width=\"408\" height=\"557\" class=\"wp-image-888\" style=\"width: 150px;\" src=\"http:\/\/100-meterskogenbhg.no\/wp-content\/uploads\/2023\/09\/Malene-e1694510178133.jpg\" alt=\"\" srcset=\"https:\/\/100-meterskogenbhg.no\/wp-content\/uploads\/2023\/09\/Malene-e1694510178133.jpg 408w, https:\/\/100-meterskogenbhg.no\/wp-content\/uploads\/2023\/09\/Malene-e1694510178133-220x300.jpg 220w\" sizes=\"(max-width: 408px) 100vw, 408px\" \/><br>Malene<br>Vikar.<\/td><\/tr><tr><td><img decoding=\"async\" style=\"width: 150px;\" src=\"http:\/\/100-meterskogenbhg.no\/wp-content\/uploads\/2019\/06\/tussiogob.jpg\"><br>Laura<br>Spr\u00e5kpraksis<br><\/td><td><\/td><\/tr><\/tbody><\/table><\/figure>\n<\/div><\/div>\n<\/div>\n<\/div>\n\n\n\n<p><\/p>\n","protected":false},"excerpt":{"rendered":"<p>I 100-meterskogen barnehage har vi dyktige ansatte som har lang erfaring fra barnehage og annet arbeid med barn. Hos oss har vi pedagogiske ledere, f\u00f8rskolel\u00e6rere, barnehagel\u00e6rere, barne- og ungdomsarbeider\/barnepleier og ansatte med annen spennende arbeidserfaring. Vi legger stor vekt p\u00e5 faglig kompetanse slik at vi kan gi ditt barn et s\u00e5 godt pedagogisk tilbud som &hellip; <a href=\"https:\/\/100-meterskogenbhg.no\/?page_id=13\" class=\"more-link\">Fortsett \u00e5 lese <span class=\"screen-reader-text\">Ansatte barnehage\u00e5ret 2025-2026<\/span> <span class=\"meta-nav\">&rarr;<\/span><\/a><\/p>\n","protected":false},"author":1,"featured_media":0,"parent":0,"menu_order":0,"comment_status":"closed","ping_status":"closed","template":"","meta":{"footnotes":""},"_links":{"self":[{"href":"https:\/\/100-meterskogenbhg.no\/index.php?rest_route=\/wp\/v2\/pages\/13"}],"collection":[{"href":"https:\/\/100-meterskogenbhg.no\/index.php?rest_route=\/wp\/v2\/pages"}],"about":[{"href":"https:\/\/100-meterskogenbhg.no\/index.php?rest_route=\/wp\/v2\/types\/page"}],"author":[{"embeddable":true,"href":"https:\/\/100-meterskogenbhg.no\/index.php?rest_route=\/wp\/v2\/users\/1"}],"replies":[{"embeddable":true,"href":"https:\/\/100-meterskogenbhg.no\/index.php?rest_route=%2Fwp%2Fv2%2Fcomments&post=13"}],"version-history":[{"count":70,"href":"https:\/\/100-meterskogenbhg.no\/index.php?rest_route=\/wp\/v2\/pages\/13\/revisions"}],"predecessor-version":[{"id":956,"href":"https:\/\/100-meterskogenbhg.no\/index.php?rest_route=\/wp\/v2\/pages\/13\/revisions\/956"}],"wp:attachment":[{"href":"https:\/\/100-meterskogenbhg.no\/index.php?rest_route=%2Fwp%2Fv2%2Fmedia&parent=13"}],"curies":[{"name":"wp","href":"https:\/\/api.w.org\/{rel}","templated":true}]}}