{"id":15,"date":"2019-06-03T20:33:45","date_gmt":"2019-06-03T18:33:45","guid":{"rendered":"http:\/\/100-meterskogenbhg.no\/?page_id=15"},"modified":"2023-10-30T21:59:15","modified_gmt":"2023-10-30T20:59:15","slug":"vedtekter","status":"publish","type":"page","link":"https:\/\/100-meterskogenbhg.no\/?page_id=15","title":{"rendered":"Vedtekter"},"content":{"rendered":"\n<p>Enhver barnehage skal ha vedtekter.<\/p>\n\n\n\n<p>Vedtektene skal gi opplysninger som er av betydning for foreldrenes\/de foresattes forhold til barnehagen.<\/p>\n\n\n\n<p>Vedtektene v\u00e5re er revidert august 2023. Etter korrigering av vedtektene ser vi at det er en setning som ikke har blitt fjernet. I \u00a79 st\u00e5r det at i ferier der det kun er meldt p\u00e5 6 barn kan \u00e5pningstidene reduseres til 8t og 15 min. Denne setningen er feil, og skal bort. <\/p>\n\n\n\n<p>I \u00a710 Foreldrebetaling og ferie st\u00e5r det n\u00e5 at i julen og p\u00e5skeuken er barnehagen \u00e5pen fra kl. 08.00-16.00. Dette er korrekt og ble vedtatt p\u00e5 SU-m\u00f8te i April og godkjent av Br\u00f8nn\u00f8ysundregisteret i August. <\/p>\n\n\n\n<div class=\"wp-block-file\"><a id=\"wp-block-file--media-4096e222-3c36-4e14-80ae-6f97e5a05bfc\" href=\"http:\/\/100-meterskogenbhg.no\/wp-content\/uploads\/2023\/10\/23-Vedtekter-august-2023.pdf\" target=\"_blank\" rel=\"noreferrer noopener\">23-Vedtekter<\/a><a href=\"http:\/\/100-meterskogenbhg.no\/wp-content\/uploads\/2023\/10\/23-Vedtekter-august-2023.pdf\" class=\"wp-block-file__button wp-element-button\" download aria-describedby=\"wp-block-file--media-4096e222-3c36-4e14-80ae-6f97e5a05bfc\">Last ned<\/a><\/div>\n\n\n\n<p><\/p>\n\n\n\n<p><\/p>\n","protected":false},"excerpt":{"rendered":"<p>Enhver barnehage skal ha vedtekter. Vedtektene skal gi opplysninger som er av betydning for foreldrenes\/de foresattes forhold til barnehagen. Vedtektene v\u00e5re er revidert august 2023. Etter korrigering av vedtektene ser vi at det er en setning som ikke har blitt fjernet. I \u00a79 st\u00e5r det at i ferier der det kun er meldt p\u00e5 6 &hellip; <a href=\"https:\/\/100-meterskogenbhg.no\/?page_id=15\" class=\"more-link\">Fortsett \u00e5 lese <span class=\"screen-reader-text\">Vedtekter<\/span> <span class=\"meta-nav\">&rarr;<\/span><\/a><\/p>\n","protected":false},"author":1,"featured_media":0,"parent":0,"menu_order":0,"comment_status":"closed","ping_status":"closed","template":"","meta":{"footnotes":""},"_links":{"self":[{"href":"https:\/\/100-meterskogenbhg.no\/index.php?rest_route=\/wp\/v2\/pages\/15"}],"collection":[{"href":"https:\/\/100-meterskogenbhg.no\/index.php?rest_route=\/wp\/v2\/pages"}],"about":[{"href":"https:\/\/100-meterskogenbhg.no\/index.php?rest_route=\/wp\/v2\/types\/page"}],"author":[{"embeddable":true,"href":"https:\/\/100-meterskogenbhg.no\/index.php?rest_route=\/wp\/v2\/users\/1"}],"replies":[{"embeddable":true,"href":"https:\/\/100-meterskogenbhg.no\/index.php?rest_route=%2Fwp%2Fv2%2Fcomments&post=15"}],"version-history":[{"count":14,"href":"https:\/\/100-meterskogenbhg.no\/index.php?rest_route=\/wp\/v2\/pages\/15\/revisions"}],"predecessor-version":[{"id":899,"href":"https:\/\/100-meterskogenbhg.no\/index.php?rest_route=\/wp\/v2\/pages\/15\/revisions\/899"}],"wp:attachment":[{"href":"https:\/\/100-meterskogenbhg.no\/index.php?rest_route=%2Fwp%2Fv2%2Fmedia&parent=15"}],"curies":[{"name":"wp","href":"https:\/\/api.w.org\/{rel}","templated":true}]}}