{"id":7,"date":"2019-06-03T20:22:11","date_gmt":"2019-06-03T18:22:11","guid":{"rendered":"http:\/\/100-meterskogenbhg.no\/?page_id=7"},"modified":"2025-08-29T10:29:34","modified_gmt":"2025-08-29T08:29:34","slug":"tussi-og-ole-brumm","status":"publish","type":"page","link":"https:\/\/100-meterskogenbhg.no\/?page_id=7","title":{"rendered":"Velkommen til Tussi"},"content":{"rendered":"\n<p style=\"font-size:16px\">Tussi er en sm\u00e5barnsavdeling for barn i alderen 0-3 \u00e5r.<\/p>\n\n\n\n<p>Det er Janne og Tuva som har det pedagogiske ansvaret for barna p\u00e5 Tussi. Du finner de<a rel=\"noreferrer noopener\" href=\"https:\/\/100-meterskogenbhg.no\/?page_id=13\" target=\"_blank\">\u00a0ansatte\u00a0<\/a>p\u00e5 hjemmesiden for n\u00e6rmere presentasjon av alle v\u00e5re ansatte.<\/p>\n\n\n\n<p>P\u00e5&nbsp;<strong>Tussi<\/strong>&nbsp;\u00f8nsker vi \u00e5 gi barna trygghet, omsorg, gode opplevelser og glede. Vi vil gj\u00f8re v\u00e5rt ytterste for at barna skal trives og ha det godt hos oss. Vi legger til rette for mye lek, uteliv, sang og dans og har stort fokus p\u00e5 spr\u00e5k og spr\u00e5kutvikling.<\/p>\n\n\n\n<p>Vi jobber mye med fellesskap, inkludering, felles fokus, f\u00f8lelser og tilstedev\u00e6relse. Vi er ogs\u00e5 opptatt av uteliv, turer i n\u00e6romr\u00e5det, hest, temagrupper og samhold.<\/p>\n\n\n\n<p>Omsorg og anerkjennelse st\u00e5r sentralt i arbeidet v\u00e5rt. Vi som voksne m\u00f8ter barna med n\u00e6rhet, innlevelse og medvirkning gjennom hele dagen, og p\u00e5 en anerkjennende v\u00e6rem\u00e5te.<\/p>\n\n\n\n<p>Hos oss skal barna utvikle tillit til seg selv og barnehagen, og dette skal bidra til \u00e5 danne en trygghet for barnet til \u00e5 kunne leke, v\u00e6re kreativ og aktivt utforske sine omgivelser.<\/p>\n\n\n\n<p><br>I 100-meterskogen barnehage legger vi stor vekt p\u00e5 uteliv. P\u00e5 mandager har vi turdag. Vi g\u00e5r p\u00e5 oppdagelsesferd i n\u00e6rmilj\u00f8et v\u00e5rt. For de minste barna beh\u00f8ver ikke alltid turen \u00e5 v\u00e6re s\u00e5 lang. Vi undrer oss over det barna er nysgjerrig p\u00e5. Det er selve opplevelsen som er i fokus. Det er spennende \u00e5 ferdes utenfor barnehagens gjerder og vi f\u00e5r mange nye inntrykk og erfaringer. P\u00e5 mandager \u00f8nsker vi at barna har en god sekk med bryststropp\/magestropp, sitteunderlag og drikkeflaske (med drikke). Matpakke skal ogs\u00e5 med p\u00e5 mandager. Noen ganger spiser vi maten v\u00e5r ute p\u00e5 tur, mens andre ganger spiser vi ute\/inne n\u00e5r vi kommer tilbake til barnehagen. P\u00e5 Tigergutt sitt uteomr\u00e5de har vi ogs\u00e5 en gapahuk som vi kan sitte \u00e5 spise i hvis v\u00e6ret er d\u00e5rlig. <\/p>\n\n\n\n<ul>\n<li><strong>Bli kjent med aktivitetskalenderen v\u00e5r! Der finner dere alle viktige datoer og arrangementer for dette barnehage\u00e5ret.<\/strong><\/li>\n\n\n\n<li><strong>S\u00f8rg for at ditt barn har skiftet\u00f8y tilpasset \u00e5rstiden. Vi gir beskjed i MyKid hvis det trengs mer skiftet\u00f8y. Det b\u00f8r v\u00e6re 2-3 skift.<\/strong><\/li>\n\n\n\n<li><strong>Pass p\u00e5 at de som sover har b\u00e5de regntrekk og insektsnett til vognene. Dette utstyret m\u00e5 v\u00e6re navnet.<\/strong><\/li>\n\n\n\n<li><strong>Ta med vognen hjem innimellom for vedlikehold. Vognene m\u00e5 kunne trilles.<br><\/strong><\/li>\n<\/ul>\n\n\n\n<div class=\"wp-block-columns is-layout-flex wp-container-4 wp-block-columns-is-layout-flex\">\n<div class=\"wp-block-column is-layout-flow wp-block-column-is-layout-flow\" style=\"flex-basis:100%\">\n<figure class=\"wp-block-gallery has-nested-images columns-default is-cropped wp-block-gallery-1 is-layout-flex wp-block-gallery-is-layout-flex\">\n<figure class=\"wp-block-image size-large\"><img decoding=\"async\" loading=\"lazy\" width=\"450\" height=\"600\" src=\"https:\/\/100-meterskogenbhg.no\/wp-content\/uploads\/2023\/08\/hest.jpg\" alt=\"\" class=\"wp-image-852\" srcset=\"https:\/\/100-meterskogenbhg.no\/wp-content\/uploads\/2023\/08\/hest.jpg 450w, https:\/\/100-meterskogenbhg.no\/wp-content\/uploads\/2023\/08\/hest-225x300.jpg 225w\" sizes=\"(max-width: 450px) 100vw, 450px\" \/><\/figure>\n<\/figure>\n<\/div>\n<\/div>\n\n\n\n<figure class=\"wp-block-gallery has-nested-images columns-default is-cropped wp-block-gallery-5 is-layout-flex wp-block-gallery-is-layout-flex\">\n<figure class=\"wp-block-image size-large\"><img decoding=\"async\" loading=\"lazy\" width=\"768\" height=\"1024\" data-id=\"102\" src=\"https:\/\/100-meterskogenbhg.no\/wp-content\/uploads\/2019\/06\/20181127_091325-1-e1559728232525-768x1024.jpg\" alt=\"\" class=\"wp-image-102\" srcset=\"https:\/\/100-meterskogenbhg.no\/wp-content\/uploads\/2019\/06\/20181127_091325-1-e1559728232525-768x1024.jpg 768w, https:\/\/100-meterskogenbhg.no\/wp-content\/uploads\/2019\/06\/20181127_091325-1-e1559728232525-225x300.jpg 225w\" sizes=\"(max-width: 768px) 100vw, 768px\" \/><\/figure>\n<\/figure>\n\n\n\n<figure class=\"wp-block-gallery has-nested-images columns-default is-cropped wp-block-gallery-7 is-layout-flex wp-block-gallery-is-layout-flex\">\n<figure class=\"wp-block-image size-full\"><img decoding=\"async\" loading=\"lazy\" width=\"450\" height=\"600\" data-id=\"853\" src=\"https:\/\/100-meterskogenbhg.no\/wp-content\/uploads\/2023\/08\/Snegle.jpg\" alt=\"\" class=\"wp-image-853\" srcset=\"https:\/\/100-meterskogenbhg.no\/wp-content\/uploads\/2023\/08\/Snegle.jpg 450w, https:\/\/100-meterskogenbhg.no\/wp-content\/uploads\/2023\/08\/Snegle-225x300.jpg 225w\" sizes=\"(max-width: 450px) 100vw, 450px\" \/><\/figure>\n<\/figure>\n\n\n\n<figure class=\"wp-block-gallery has-nested-images columns-default is-cropped wp-block-gallery-9 is-layout-flex wp-block-gallery-is-layout-flex\">\n<figure class=\"wp-block-image size-full\"><img decoding=\"async\" loading=\"lazy\" width=\"450\" height=\"600\" data-id=\"855\" src=\"http:\/\/100-meterskogenbhg.no\/wp-content\/uploads\/2023\/08\/Bake.jpg\" alt=\"\" class=\"wp-image-855\" srcset=\"https:\/\/100-meterskogenbhg.no\/wp-content\/uploads\/2023\/08\/Bake.jpg 450w, https:\/\/100-meterskogenbhg.no\/wp-content\/uploads\/2023\/08\/Bake-225x300.jpg 225w\" sizes=\"(max-width: 450px) 100vw, 450px\" \/><\/figure>\n<\/figure>\n\n\n\n<figure class=\"wp-block-gallery has-nested-images columns-default is-cropped wp-block-gallery-11 is-layout-flex wp-block-gallery-is-layout-flex\">\n<figure class=\"wp-block-image size-large\"><img decoding=\"async\" loading=\"lazy\" width=\"768\" height=\"1024\" data-id=\"105\" src=\"https:\/\/100-meterskogenbhg.no\/wp-content\/uploads\/2019\/06\/DSCF0379-e1559728193586-768x1024.jpg\" alt=\"\" class=\"wp-image-105\" srcset=\"https:\/\/100-meterskogenbhg.no\/wp-content\/uploads\/2019\/06\/DSCF0379-e1559728193586-768x1024.jpg 768w, https:\/\/100-meterskogenbhg.no\/wp-content\/uploads\/2019\/06\/DSCF0379-e1559728193586-225x300.jpg 225w\" sizes=\"(max-width: 768px) 100vw, 768px\" \/><\/figure>\n<\/figure>\n\n\n\n<figure class=\"wp-block-gallery has-nested-images columns-default is-cropped wp-block-gallery-13 is-layout-flex wp-block-gallery-is-layout-flex\">\n<figure class=\"wp-block-image size-full\"><img decoding=\"async\" loading=\"lazy\" width=\"450\" height=\"600\" data-id=\"854\" src=\"https:\/\/100-meterskogenbhg.no\/wp-content\/uploads\/2023\/08\/sandkasselek.jpg\" alt=\"\" class=\"wp-image-854\" srcset=\"https:\/\/100-meterskogenbhg.no\/wp-content\/uploads\/2023\/08\/sandkasselek.jpg 450w, https:\/\/100-meterskogenbhg.no\/wp-content\/uploads\/2023\/08\/sandkasselek-225x300.jpg 225w\" sizes=\"(max-width: 450px) 100vw, 450px\" \/><\/figure>\n<\/figure>\n","protected":false},"excerpt":{"rendered":"<p>Tussi er en sm\u00e5barnsavdeling for barn i alderen 0-3 \u00e5r. Det er Janne og Tuva som har det pedagogiske ansvaret for barna p\u00e5 Tussi. Du finner de\u00a0ansatte\u00a0p\u00e5 hjemmesiden for n\u00e6rmere presentasjon av alle v\u00e5re ansatte. P\u00e5&nbsp;Tussi&nbsp;\u00f8nsker vi \u00e5 gi barna trygghet, omsorg, gode opplevelser og glede. Vi vil gj\u00f8re v\u00e5rt ytterste for at barna skal &hellip; <a href=\"https:\/\/100-meterskogenbhg.no\/?page_id=7\" class=\"more-link\">Fortsett \u00e5 lese <span class=\"screen-reader-text\">Velkommen til Tussi<\/span> <span class=\"meta-nav\">&rarr;<\/span><\/a><\/p>\n","protected":false},"author":1,"featured_media":0,"parent":0,"menu_order":0,"comment_status":"closed","ping_status":"closed","template":"","meta":{"footnotes":""},"_links":{"self":[{"href":"https:\/\/100-meterskogenbhg.no\/index.php?rest_route=\/wp\/v2\/pages\/7"}],"collection":[{"href":"https:\/\/100-meterskogenbhg.no\/index.php?rest_route=\/wp\/v2\/pages"}],"about":[{"href":"https:\/\/100-meterskogenbhg.no\/index.php?rest_route=\/wp\/v2\/types\/page"}],"author":[{"embeddable":true,"href":"https:\/\/100-meterskogenbhg.no\/index.php?rest_route=\/wp\/v2\/users\/1"}],"replies":[{"embeddable":true,"href":"https:\/\/100-meterskogenbhg.no\/index.php?rest_route=%2Fwp%2Fv2%2Fcomments&post=7"}],"version-history":[{"count":28,"href":"https:\/\/100-meterskogenbhg.no\/index.php?rest_route=\/wp\/v2\/pages\/7\/revisions"}],"predecessor-version":[{"id":951,"href":"https:\/\/100-meterskogenbhg.no\/index.php?rest_route=\/wp\/v2\/pages\/7\/revisions\/951"}],"wp:attachment":[{"href":"https:\/\/100-meterskogenbhg.no\/index.php?rest_route=%2Fwp%2Fv2%2Fmedia&parent=7"}],"curies":[{"name":"wp","href":"https:\/\/api.w.org\/{rel}","templated":true}]}}