{"id":860,"date":"2023-08-30T17:11:24","date_gmt":"2023-08-30T15:11:24","guid":{"rendered":"https:\/\/100-meterskogenbhg.no\/?page_id=860"},"modified":"2023-08-30T17:41:38","modified_gmt":"2023-08-30T15:41:38","slug":"sprak","status":"publish","type":"page","link":"https:\/\/100-meterskogenbhg.no\/?page_id=860","title":{"rendered":"Spr\u00e5k"},"content":{"rendered":"\n<p>Vi jobber systematisk med spr\u00e5klig bevissthet, der <strong>rim, regler, rytme, lyd og lytting,<\/strong> vil v\u00e6re naturlige elementer. <strong>Spr\u00e5klig bevissthet<\/strong> er mye mer enn bare ord og bokstaver. Vi \u00f8nsker \u00e5 gj\u00f8re barna oppmerksomme p\u00e5 lyder i hverdagen og nyanser i disse. Vi lytter etter hverdagslyder b\u00e5de inne og ute. \u00abKan du h\u00f8re noen lyder inne i kroppen din?\u00bb&nbsp; \u00abEr det helt stille i barnehagen n\u00e5r vi er stille?\u00bb <strong>Matematikk<\/strong> er ogs\u00e5 en del av v\u00e5rt spr\u00e5k, der innholdet i <strong>antall\/mengder, former og begreper<\/strong> er en del av hverdagen v\u00e5r.<\/p>\n\n\n\n<p>Se egen spr\u00e5kplan under fanen med planer. <\/p>\n\n\n\n<figure class=\"wp-block-gallery has-nested-images columns-default is-cropped wp-block-gallery-1 is-layout-flex wp-block-gallery-is-layout-flex\">\n<figure class=\"wp-block-image size-large\"><img decoding=\"async\" loading=\"lazy\" width=\"768\" height=\"1024\" data-id=\"862\" src=\"https:\/\/100-meterskogenbhg.no\/wp-content\/uploads\/2023\/08\/1000017581-1-768x1024.jpg\" alt=\"\" class=\"wp-image-862\" srcset=\"https:\/\/100-meterskogenbhg.no\/wp-content\/uploads\/2023\/08\/1000017581-1-768x1024.jpg 768w, https:\/\/100-meterskogenbhg.no\/wp-content\/uploads\/2023\/08\/1000017581-1-225x300.jpg 225w, https:\/\/100-meterskogenbhg.no\/wp-content\/uploads\/2023\/08\/1000017581-1-1152x1536.jpg 1152w, https:\/\/100-meterskogenbhg.no\/wp-content\/uploads\/2023\/08\/1000017581-1-1536x2048.jpg 1536w, https:\/\/100-meterskogenbhg.no\/wp-content\/uploads\/2023\/08\/1000017581-1-scaled.jpg 1920w\" sizes=\"(max-width: 768px) 100vw, 768px\" \/><\/figure>\n<\/figure>\n\n\n\n<figure class=\"wp-block-gallery has-nested-images columns-default is-cropped wp-block-gallery-3 is-layout-flex wp-block-gallery-is-layout-flex\">\n<figure class=\"wp-block-image size-large\"><img decoding=\"async\" loading=\"lazy\" width=\"768\" height=\"1024\" data-id=\"863\" src=\"https:\/\/100-meterskogenbhg.no\/wp-content\/uploads\/2023\/08\/1000005875-1-768x1024.jpg\" alt=\"\" class=\"wp-image-863\" srcset=\"https:\/\/100-meterskogenbhg.no\/wp-content\/uploads\/2023\/08\/1000005875-1-768x1024.jpg 768w, https:\/\/100-meterskogenbhg.no\/wp-content\/uploads\/2023\/08\/1000005875-1-225x300.jpg 225w, https:\/\/100-meterskogenbhg.no\/wp-content\/uploads\/2023\/08\/1000005875-1-1152x1536.jpg 1152w, https:\/\/100-meterskogenbhg.no\/wp-content\/uploads\/2023\/08\/1000005875-1-1536x2048.jpg 1536w, https:\/\/100-meterskogenbhg.no\/wp-content\/uploads\/2023\/08\/1000005875-1-scaled.jpg 1920w\" sizes=\"(max-width: 768px) 100vw, 768px\" \/><\/figure>\n<\/figure>\n\n\n\n<figure class=\"wp-block-gallery has-nested-images columns-default is-cropped wp-block-gallery-5 is-layout-flex wp-block-gallery-is-layout-flex\">\n<figure class=\"wp-block-image size-large\"><img decoding=\"async\" loading=\"lazy\" width=\"768\" height=\"1024\" data-id=\"864\" src=\"https:\/\/100-meterskogenbhg.no\/wp-content\/uploads\/2023\/08\/1000005876-1-768x1024.jpg\" alt=\"\" class=\"wp-image-864\" srcset=\"https:\/\/100-meterskogenbhg.no\/wp-content\/uploads\/2023\/08\/1000005876-1-768x1024.jpg 768w, https:\/\/100-meterskogenbhg.no\/wp-content\/uploads\/2023\/08\/1000005876-1-225x300.jpg 225w, https:\/\/100-meterskogenbhg.no\/wp-content\/uploads\/2023\/08\/1000005876-1-1152x1536.jpg 1152w, https:\/\/100-meterskogenbhg.no\/wp-content\/uploads\/2023\/08\/1000005876-1-1536x2048.jpg 1536w, https:\/\/100-meterskogenbhg.no\/wp-content\/uploads\/2023\/08\/1000005876-1-scaled.jpg 1920w\" sizes=\"(max-width: 768px) 100vw, 768px\" \/><\/figure>\n<\/figure>\n","protected":false},"excerpt":{"rendered":"<p>Vi jobber systematisk med spr\u00e5klig bevissthet, der rim, regler, rytme, lyd og lytting, vil v\u00e6re naturlige elementer. Spr\u00e5klig bevissthet er mye mer enn bare ord og bokstaver. Vi \u00f8nsker \u00e5 gj\u00f8re barna oppmerksomme p\u00e5 lyder i hverdagen og nyanser i disse. Vi lytter etter hverdagslyder b\u00e5de inne og ute. \u00abKan du h\u00f8re noen lyder inne &hellip; <a href=\"https:\/\/100-meterskogenbhg.no\/?page_id=860\" class=\"more-link\">Fortsett \u00e5 lese <span class=\"screen-reader-text\">Spr\u00e5k<\/span> <span class=\"meta-nav\">&rarr;<\/span><\/a><\/p>\n","protected":false},"author":4,"featured_media":0,"parent":0,"menu_order":0,"comment_status":"closed","ping_status":"closed","template":"","meta":{"footnotes":""},"_links":{"self":[{"href":"https:\/\/100-meterskogenbhg.no\/index.php?rest_route=\/wp\/v2\/pages\/860"}],"collection":[{"href":"https:\/\/100-meterskogenbhg.no\/index.php?rest_route=\/wp\/v2\/pages"}],"about":[{"href":"https:\/\/100-meterskogenbhg.no\/index.php?rest_route=\/wp\/v2\/types\/page"}],"author":[{"embeddable":true,"href":"https:\/\/100-meterskogenbhg.no\/index.php?rest_route=\/wp\/v2\/users\/4"}],"replies":[{"embeddable":true,"href":"https:\/\/100-meterskogenbhg.no\/index.php?rest_route=%2Fwp%2Fv2%2Fcomments&post=860"}],"version-history":[{"count":3,"href":"https:\/\/100-meterskogenbhg.no\/index.php?rest_route=\/wp\/v2\/pages\/860\/revisions"}],"predecessor-version":[{"id":866,"href":"https:\/\/100-meterskogenbhg.no\/index.php?rest_route=\/wp\/v2\/pages\/860\/revisions\/866"}],"wp:attachment":[{"href":"https:\/\/100-meterskogenbhg.no\/index.php?rest_route=%2Fwp%2Fv2%2Fmedia&parent=860"}],"curies":[{"name":"wp","href":"https:\/\/api.w.org\/{rel}","templated":true}]}}